at is the thousands digit of 1087?
1
What is the units digit of 1169?
9
What is the thousands digit of 15065?
5
What is the thousands digit of 184339?
4
What is the tens digit of 687?
8
What is the tens digit of 8166?
6
What is the hundreds digit of 1030?
0
What is the units digit of 84639?
9
What is the hundreds digit of 4295?
2
What is the tens digit of 3574?
7
What is the tens digit of 2045?
4
What is the hundreds digit of 42371?
3
What is the units digit of 1008?
8
What is the thousands digit of 9193?
9
What is the hundreds digit of 8391?
3
What is the hundreds digit of 1163?
1
What is the thousands digit of 26960?
6
What is the tens digit of 2749?
4
What is the thousands digit of 50955?
0
What is the thousands digit of 25292?
5
What is the tens digit of 900?
0
What is the thousands digit of 5531?
5
What is the hundreds digit of 2337?
3
What is the tens digit of 616?
1
What is the tens digit of 12611?
1
What is the tens digit of 9519?
1
What is the units digit of 25711?
1
What is the tens digit of 504?
0
What is the tens digit of 28460?
6
What is the ten thousands digit of 135612?
3
What is the hundreds digit of 38252?
2
What is the units digit of 126?
6
What is the tens digit of 609?
0
What is the hundreds digit of 171?
1
What is the units digit of 36?
6
What is the thousands digit of 58571?
8
What is the tens digit of 20249?
4
What is the units digit of 812?
2
What is the hundreds digit of 799?
7
What is the thousands digit of 6605?
6
What is the thousands digit of 32983?
2
What is the units digit of 61624?
4
What is the hundreds digit of 4277?
2
What is the tens digit of 195879?
7
What is the units digit of 49228?
8
What is the units digit of 2461?
1
What is the tens digit of 133599?
9
What is the tens digit of 33129?
2
What is the thousands digit of 10299?
0
What is the tens digit of 9444?
4
What is the units digit of 219?
9
What is the tens digit of 713?
1
What is the ten thousands digit of 17451?
1
What is the units digit of 29438?
8
What is the tens digit of 4628?
2
What is the tens digit of 1112?
1
What is the tens digit of 149?
4
What is the tens digit of 515?
1
What is the hundreds digit of 5669?
6
What is the units digit of 324?
4
What is the tens digit of 26500?
0
What is the hundreds digit of 1208?
2
What is the units digit of 572?
2
What is the ten thousands digit of 12046?
1
What is the hundreds digit of 106200?
2
What is the tens digit of 1842?
4
What is the hundreds digit of 18519?
5
What is the tens digit of 15755?
5
What is the hundreds digit of 27884?
8
What is the thousands digit of 2016?
2
What is the tens digit of 13632?
3
What is the hundreds digit of 1364?
3
What is the thousands digit of 14747?
4
What is the ten thousands digit of 100429?
0
What is the tens digit of 1685?
8
What is the hundred thousands digit of 130876?
1
What is the thousands digit of 17056?
7
What is the hundreds digit of 1174?
1
What is the hundreds digit of 1398?
3
What is the hundreds digit of 9346?
3
What is the hundreds digit of 1995?
9
What is the thousands digit of 96551?
6
What is the tens digit of 7863?
6
What is the units digit of 34903?
3
What is the units digit of 14022?
2
What is the ten thousands digit of 22574?
2
What is the units digit of 3410?
0
What is the ten thousands digit of 15515?
1
What is the units digit of 510?
0
What is the tens digit of 13656?
5
What is the thousands digit of 22734?
2
What is the tens digit of 2396?
9
What is the hundreds digit of 478?
4
What is the hundreds digit of 615?
6
What is the hundreds digit of 173?
1
What is the hundreds digit of 4274?
2
What is the units digit of 4102?
2
What is the tens digit of 43945?
4
What is the tens digit of 1042?
4
What is the units digit of 229?
9
What is the hundred thousands digit of 102085?
1
What is the hundreds digit of 435?
4
What is the units digit of 109312?
2
What is the hundreds digit of 922?
9
What is the ten thousands digit of 40453?
4
What is the tens digit of 6553?
5
What is the tens digit of 1634?
3
What is the tens digit of 43478?
7
What is the tens digit of 917?
1
What is the hundreds digit of 2601?
6
What is the tens digit of 78953?
5
What is the units digit of 3724?
4
What is the units digit of 4?
4
What is the hundreds digit of 1475?
4
What is the hundreds digit of 6917?
9
What is the units digit of 500?
0
What is the units digit of 13083?
3
What is the thousands digit of 1886?
1
What is the hundreds digit of 873?
8
What is the units digit of 360?
0
What is the ten thousands digit of 22142?
2
What is the tens digit of 4601?
0
What is the hundreds digit of 34012?
0
What is the units digit of 472?
2
What is the units digit of 1296?
6
What is the hundreds digit of 4394?
3
What is the units digit of 32278?
8
What is the hundreds digit of 884?
8
What is the units digit of 1972?
2
What is the units digit of 7393?
3
What is the units digit of 14026?
6
What is the hundreds digit of 5392?
3
What is the hundreds digit of 2305?
3
What is the hundreds digit of 431?
4
What is the thousands digit of 2905?
2
What is the units digit of 964?
4
What is the thousands digit of 21233?
1
What is the tens digit of 9908?
0
What is the hundreds digit of 4204?
2
What is the thousands digit of 24364?
4
What is the tens digit of 867?
6
What is the thousands digit of 1284?
1
What is the tens digit of 66117?
1
What is the units digit of 20501?
1
What is the hundreds digit of 4636?
6
What is the units digit of 4662?
2
What is the thousands digit of 23689?
3
What is the ten thousands digit of 24578?
2
What is the ten thousands digit of 100537?
0
What is the tens digit of 96406?
0
What is the hundreds digit of 2527?
5
What is the units digit of 77?
7
What is the hundreds digit of 2679?
6
What is the hundreds digit of 17653?
6
What is the tens digit of 1492?
9
What is the thousands digit of 25652?
5
What is the tens digit of 20024?
2
What is the hundreds digit of 2842?
8
What is the hundreds digit of 1277?
2
What is the tens digit of 2877?
7
What is the tens digit of 167?
6
What is the tens digit of 67427?
2
What is the thousands digit of 46488?
6
What is the units digit of 17117?
7
What is the thousands digit of 10365?
0
What is the hundreds digit of 8446?
4
What is the hundreds digit of 3483?
4
What is the units digit of 201?
1
What is the units digit of 14728?
8
What is the hundreds digit of 1154?
1
What is the thousands digit of 7375?
7
What is the units digit of 835?
5
What is the units digit of 784?
4
What is the thousands digit of 1077?
1
What is the tens digit of 2529?
2
What is the tens digit of 885?
8
What is the thousands digit of 17388?
7
What is the units digit of 92817?
7
What is the hundreds digit of 734?
7
What is the tens digit of 25293?
9
What is the ten thousands digit of 33672?
3
What is the hundreds digit of 838?
8
What is the hundreds digit of 312?
3
What is the thousands digit of 5899?
5
What is the thousands digit of 1883?
1
What is the units digit of 35894?
4
What is the hundreds digit of 234?
2
What is the hundreds digit of 2275?
2
What is the hundreds digit of 44502?
5
What is the thousands digit of 10104?
0
What is the tens digit of 5178?
7
What is the tens digit of 410?
1
What is the tens digit of 7963?
6
What is the tens digit of 459?
5
What is the units digit of 4617?
7
What is the tens digit of 87715?
1
What is the tens digit of 142100?
0
What is the hundreds digit of 6227?
2
What is the tens digit of 5714?
1
What is the ten thousands digit of 10147?
1
What is the hundreds digit of 130?
1
What is the hundreds digit of 2790?
7
What is the units digit of 689?
9
What is the thousands digit of 1259?
1
What is the units digit of 8571?
1
What is the units digit of 874?
4
What is the units digit of 511?
1
What is the thousands digit of 1056?
1
What is the thousands digit of 12041?
2
What is the units digit of 779?
9
What is the hundreds digit of 9050?
0
What is the tens digit of 40058?
5
What is the thousands digit of 14232?
4
What is the tens digit of 8911?
1
What is the hundreds digit of 1096?
0
What is the thousands digit of 4188?
4
What is the tens digit of 6948?
4
What is the ten thousands digit of 43155?
4
What is the hundreds digit of 3215?
2
What is the thousands digit of 1007?
1
What is the tens digit of 82139?
3
What is the thousands digit 